pose j - 4*m - 9 = 0, 0 = 4*j - 7*j - 2*m + 13. Suppose -j = -3*c + 28. Calculate the remainder when 21 is divided by c.
10
Let n(j) be the first derivative of -3*j**2/2 - 16*j + 1. Let c = 198 - 165. What is the remainder when c is divided by n(-11)?
16
Suppose -167*b = -156*b - 2090. Calculate the remainder when b is divided by 99.
91
Suppose w - 1 = -2*b, -5*b = -6*b + 5*w + 28. Let s = b + -1. Suppose -4*u = -j - 170, -2 = s*j - 6. What is the remainder when u is divided by 11?
10
Let s = 29 - 18. Let t = 24 + -21. Suppose -31 = -d + t*y, d - 4*d + 133 = y. Calculate the remainder when d is divided by s.
10
Suppose 64 = m + 18. Suppose 4*w = 30 + 34. What is the remainder when m is divided by w?
14
Suppose -2*l + 795 - 27 = 0. What is the remainder when l is divided by 11?
10
Let m(y) = -y - 1. Let x(z) = -52*z - 6. Let f(p) = 3*m(p) - x(p). Calculate the remainder when f(1) is divided by (1*7)/((-4)/(-8)).
10
Suppose a + 2 = 28. Let y = a + -6. Suppose 40 = 5*u - 5*o + 6*o, -2*o = -u - 3. Calculate the remainder when y is divided by u.
6
Suppose -i = 4*i - 4*g, 0 = 3*i + 3*g. Suppose -3*d + i = -5*s - 4, 4*s - 8 = d. Calculate the remainder when 30 is divided by d.
6
Suppose -5*t - z - 2 = -5, 3 = 3*t + z. What is the remainder when 0 + (t - -2) + (-148)/(-2) is divided by 26?
24
Let x(j) = j + 9. Suppose -21 = -0*g + 3*g. Let i(h) = h - 5. What is the remainder when i(8) is divided by x(g)?
1
Let s = 4083 - 4028. Let u(h) = h**3 - 7*h**2 + 8*h - 4. Calculate the remainder when s is divided by u(6).
7
Suppose -3*i + 1411 = 4*f, f + 3*i = -f + 701. Let c = f - 238. Suppose -2*h + c = h. Calculate the remainder when h is divided by 15.
9
Let c be 126/12*-1*396/(-21). Suppose 0*m + 5*m + c = 4*h, -4 = 2*m. Let x = 8 + 8. What is the remainder when h is divided by x?
15
Let n = -222 - -251. What is the remainder when n is divided by 10?
9
Let i be (-4 - -6) + 4/1. Let r(j) be the third derivative of -j**5/60 + 5*j**4/12 - 11*j**3/6 - 6*j**2. Calculate the remainder when 23 is divided by r(i).
10
Let z = -343 - -374. What is the remainder when z is divided by 5?
1
Let o = 402 + -389. What is the remainder when 24 is divided by o?
11
Suppose 3*d - 84 = -5*y, -3*y + 32 = 2*d - 18. Suppose y = q + 11. Calculate the remainder when 19 is divided by q.
5
Let t(h) = 3*h**2 + h + 22. Let q(v) = -v**2 - 1. Let g(k) = 2*q(k) + t(k). Let y be g(0). What is the remainder when 98 is divided by (-8)/y - (-167)/5?
32
Let c be 2 + 3/1*1. Suppose m + 6*p - 15 = 2*p, 4*m + c*p = 27. Calculate the remainder when (15/(-6))/((-2)/12) is divided by m.
0
Let d = 6 + 10. Suppose -4*y + f + 58 = 0, 0*y + y - d = f. Calculate the remainder when 430/8 + 21/(-28) is divided by y.
11
Suppose -5*g = 3*j - g + 98, 5*j + g = -186. Let b = 109 + j. Let m = b + -22. What is the remainder when m is divided by 13?
10
Suppose 2 = -v - 7. Suppose 0 = 5*q - 50 - 20. What is the remainder when q is divided by v*4/(-12) - -1?
2
Let y(v) = 4*v**2 + 5*v - 1. Calculate the remainder when 515 is divided by y(-4).
42
Suppose -5*x - s + 512 = 0, -3 = -5*s + 7. What is the remainder when x is divided by -2*-2*(-63)/(-12)?
18
Let a = 25 + -11. Let i = -9 + a. Suppose i*f + 40 = 5*y, 3*y = 4*f - 3*f + 30. What is the remainder when 21 is divided by y?
10
Let h = 105 + -80. Calculate the remainder when h is divided by 9.
7
Let t(q) = q**3 - 3*q**2 - 3*q + 5. Let v be t(6). Let o be (-4)/(-6) + v/15. Let r = 14 - o. Calculate the remainder when 26 is divided by r.
5
Suppose 2*y - 3*l + 7*l = -34, 33 = -2*y - 3*l. Suppose 3*i = 2*i + 7. Calculate the remainder when i is divided by (6/30)/((-1)/y).
1
Suppose 0 = 39*u - 6*u - 153 - 111. What is the remainder when 47/2 + (-1)/2 is divided by u?
7
Suppose 0 = -m + 8. Let q(r) = -r**3 + 8*r**2. Let z be q(m). What is the remainder when 71 is divided by (3/6 + z)*48?
23
Suppose -376 = -2*h - 58. What is the remainder when h is divided by ((-23)/(-3))/(41/123)?
21
Suppose -15*m = 3*u - 14*m - 32, -3*m = -2*u + 3. What is the remainder when 16 is divided by u?
7
Let o = 14 - -16. Let g = o - 13. What is the remainder when 134 is divided by g?
15
Let k(n) = -n**3 - 21*n**2 + 20*n + 14. What is the remainder when k(-22) is divided by 30?
28
Let x(r) = -r + 30. Suppose -3*l - 4 = -25. What is the remainder when x(20) is divided by l?
3
Suppose -295 = -227*r + 55*r + 221. Suppose 6 = h - 5. What is the remainder when h is divided by r?
2
Calculate the remainder when 50 is divided by (1 - 0)/(8/(-1568)*-7).
22
Calculate the remainder when (-504)/(-15) - 4/(-70)*7 is divided by 16.
2
Suppose 2*q - 22 = 26. What is the remainder when 1558 is divided by q?
22
Suppose t - 254 = 4*m - 7*m, 0 = -4*m + 3*t + 356. Calculate the remainder when m is divided by 25.
11
Let d(n) = 14*n**2 - 14*n - 9. What is the remainder when d(-4) is divided by 16?
15
Let v be 8/20 + (-36)/(-10). Suppose 3*i - 61 = -v*r, 4*i + 2*r = -i + 125. Calculate the remainder when 106 is divided by i.
25
Let z(a) = -a**2 - 10*a + 12. Suppose k = -45 + 40. What is the remainder when 182 is divided by z(k)?
34
Let w(a) = -a**3 - 5*a**2 - 3*a + 5. Let z = 2 + 19. Calculate the remainder when w(-6) is divided by z.
17
Suppose 3*g - 5*j = 2, 3*j + 44 = -4*g - 2*j. What is the remainder when 58 is divided by (g/(-3) - -1) + 12?
13
Suppose -47 = -3*p + 2*n + 122, -55 = -p + n. Calculate the remainder when p is divided by 22.
15
Let s(x) = -x + 6. What is the remainder when 27 is divided by s(-9)?
12
Let m(j) = 10*j**2 - 2*j + 1. Let w = -4 + -2. Let y be -3 - (-8)/(-12)*w. Calculate the remainder when m(y) is divided by 5.
4
Let q(l) = -l**3 + 5*l**2 - 4*l + 7. Suppose -i + 3*i = 3*m + 10, -14 = -3*i + 4*m. What is the remainder when 63 is divided by q(i)?
8
What is the remainder when 491 is divided by 14 + -21 - 144/(-4)?
27
Let f(k) = 3*k**3 - 5*k**2 + 6*k. Let x = -100 - -178. What is the remainder when x is divided by f(2)?
14
Let u(s) = 2*s**2 + 10*s + 58. Calculate the remainder when 101 is divided by u(-5).
43
Let x(b) = -b**3 + 12*b**2 + 31*b - 32. Calculate the remainder when 289 is divided by x(14).
9
Let g(f) = 14 + 8*f**2 + 30 - 6*f - 6 - 3. What is the remainder when g(5) is divided by 52?
49
Let p = -1602 - -1618. Calculate the remainder when 813 is divided by p.
13
Suppose 10*d + 482 = 5*v + 12*d, 3*v + 5*d - 274 = 0. Calculate the remainder when v is divided by 28.
14
Let c = 1 + 1. Suppose -399*f = -9*f + 24*f - 2484. What is the remainder when f is divided by c?
0
Let n(f) = -10*f + 34. Calculate the remainder when n(0) is divided by 22.
12
Suppose -31*i = -171 - 1193. Calculate the remainder when 137 is divided by i.
5
Let x(k) = -3 + 1 + 52*k - k**2 - 26*k - 29*k - 24*k**3. What is the remainder when 56 is divided by x(-1)?
8
Suppose 5*y - 11 = -3*j, 0 = 2*j + y - 11 - 8. Suppose -6*t - 126 = -j*t. What is the remainder when t is divided by 11?
10
Suppose 3*y + 40 = -4*q + 2280, -3012 = -4*y + q. What is the remainder when y is divided by 108?
104
Let n = -83 - -368. Suppose 6*r = 11*r - n. Suppose -3*z + z = 5*p - 79, -3*p + r = -2*z. Calculate the remainder when 50 is divided by p.
16
Suppose 2*z = -7 + 35. What is the remainder when 951 is divided by z?
13
Suppose 3 = -4*z + 51. Suppose -2*b - 35 = 57. Calculate the remainder when (-3 + -5)*b/8 is divided by z.
10
Let q be (-10 + 8)/(4/98). Let h = q - -119. Let c = -89 + 101. Calculate the remainder when h is divided by c.
10
Suppose 167 = -36*w - 733. Let z = -35 + -6. Let m = w - z. What is the remainder when m is divided by 5?
1
Let z = 21 - -7. Suppose -z = -a - 0. What is the remainder when 111 is divided by a?
27
Suppose 33*w + 42 = 39*w. What is the remainder when 131 is divided by w?
5
What is the remainder when 25 is divided by -2*((-15)/6 + 2)?
0
Let l(t) = 8*t + 1. Let a(u) = 15*u - 109. What is the remainder when a(8) is divided by l(1)?
2
Let g(b) = -b. Let p(l) = 17*l - 5. Let t(w) = 6*g(w) + p(w). Suppose o - 65 = -5*u, -8*o = -3*o - u - 325. Calculate the remainder when o is divided by t(2).
14
Suppose 532 = -w + 5*w. Suppose -3*p + f + w = -f, -3*f = -4*p + 176. Calculate the remainder when p is divided by 172/10 + (-85)/425.
13
Let p = 93 + -45. Let c be (-24)/(-10)*(-160)/p. Let i = 10 - c. Calculate the 